5919
Convert -60941 (base 15) to base 10.
-305836
30113021 (base 4) to base 14
14649
What is 310401 (base 8) in base 16?
19101
Convert 164165 (base 13) to base 7.
4455311
-9549a (base 15) to base 14
-c4809
What is 1c3838 (base 15) in base 7?
14501660
What is 137454 (base 12) in base 11?
201292
What is a1423 (base 11) in base 12?
71962
Convert 1013311021 (base 4) to base 12.
122321
What is 1306520 (base 7) in base 2?
101001100110010011
Convert -33659d (base 16) to base 10.
-3368349
5316344 (base 10) to base 14
9c562c
-9b53 (base 14) to base 13
-c342
-102112120320 (base 4) to base 8
-22263070
102132211 (base 4) to base 14
1d821
-2591093 (base 10) to base 7
-31011131
What is -110010100000001011111 (base 2) in base 5?
-410424004
What is -250104325 (base 6) in base 2?
-10010001011111110111101
What is 23224301 (base 6) in base 2?
10101111100001101101
Convert -9a366 (base 13) to base 4.
-1010100322
Convert 1413631 (base 7) to base 16.
2e0cf
Convert 303011311 (base 4) to base 8.
630565
-1151873 (base 11) to base 10
-2008196
23551114 (base 6) to base 9
1355521
Convert 59a249 (base 12) to base 13.
3b9361
What is -202c7a7 (base 13) in base 10?
-9738424
Convert -de27b (base 16) to base 3.
-1201020012202
-aad477 (base 14) to base 9
-11817610
What is -143033 (base 11) in base 14?
-5b708
-166437 (base 11) to base 14
-69b43
27707071 (base 8) to base 14
b90293
-220121022222 (base 3) to base 7
-4054643
Convert -879a04 (base 13) to base 2.
-1100001011001110111010
122222021121222 (base 3) to base 9
18867558
Convert 1112333222 (base 4) to base 13.
c6260
17415b (base 15) to base 6
40100105
What is 11100110101010000010 (base 2) in base 6?
32125534
What is 130633 (base 9) in base 14?
20c48
Convert 125423620 (base 7) to base 2.
11110110011000100011011
Convert -1507a6 (base 13) to base 15.
-a2ab2
Convert -4131351 (base 6) to base 16.
-307f3
2440402210 (base 5) to base 13
127b347
Convert -1538a8 (base 12) to base 3.
-200020102102
What is 4622310 (base 7) in base 8?
2147070
-221211212 (base 4) to base 7
-1306424
Convert -2a1979 (base 12) to base 5.
-140130031
What is -3047137 (base 8) in base 5?
-201301440
11210112000101 (base 3) to base 8
11563113
Convert 30131201 (base 5) to base 14.
6342b
Convert -12945 (base 10) to base 4.
-3022101
332322000 (base 4) to base 8
767200
Convert 337a5 (base 13) to base 9.
152341
750a9a (base 16) to base 12
269aaa2
Convert 524563 (base 8) to base 2.
101010100101110011
What is -82470 (base 13) in base 8?
-710261
What is -61a80b (base 14) in base 5?
-1320410004
Convert 5272641 (base 8) to base 10.
1406369
-215742 (base 10) to base 15
-43dcc
What is -6830252 (base 9) in base 2?
-1110000010101010100010
Convert 3495b55 (base 12) to base 13.
2145041
Convert -4863751 (base 9) to base 2.
-1010000100100111000010
-23111314 (base 5) to base 14
-5567a
What is 86633 (base 10) in base 4?
111021221
-23439 (base 11) to base 6
-420253
What is -33790 (base 13) in base 8?
-266606
-1111000000011010 (base 2) to base 7
-344126
What is -d9cb (base 16) in base 14?
-16467
5226424 (base 7) to base 4
2121203011
Convert 23011332003 (base 4) to base 12.
b82a83
Convert -5072107 (base 10) to base 11.
-2954827
Convert 854733 (base 9) to base 5.
112234320
-13122402 (base 5) to base 15
-28687
What is -11000111000010101100 (base 2) in base 4?
-3013002230
Convert d4e6 (base 15) to base 3.
2021201100
Convert 1000100101100101000010 (base 2) to base 8.
10454502
-4088355 (base 10) to base 15
-55b570
Convert 11110100110100011100 (base 2) to base 16.
f4d1c
62ca8 (base 13) to base 14
48bb0
229035 (base 14) to base 10
1177223
19edc (base 16) to base 6
2135404
-7046 (base 16) to base 11
-1a65a
What is -35329 (base 13) in base 16?
-17bba
What is 21223252 (base 7) in base 14?
34d799
70820 (base 14) to base 11
175267
What is -10000010111100110110 (base 2) in base 3?
-1000020202201
What is -1010101010111101111010 (base 2) in base 4?
-22222331322
321545 (base 13) to base 10
1174100
-3304034 (base 6) to base 9
-270184
-26514253 (base 8) to base 13
-12cb612
What is -7028 (base 12) in base 7?
-50234
-a8224a (base 14) to base 13
-124377a
What is -504402 (base 7) in base 8?
-247145
18d471 (base 16) to base 8
6152161
Convert -1101100101011111111110 (base 2) to base 14.
-689caa
What is -783161 (base 10) in base 6?
-24441425
What is 3583856 (base 9) in base 11?
110929a
-23103506 (base 7) to base 15
-29ce65
Convert -340194 (base 12) to base 9.
-1504114
Convert 19597 (base 15) to base 16.
1415b
What is 1344011104 (base 5) in base 12?
1209ab7
What is 10000221220 (base 3) in base 7?
336123
What is -7406 (base 11) in base 15?
-2d8c
What is 31100112 (base 4) in base 13?
1b936
557 (base 12) to base 16
313
Convert 11121520 (base 7) to base 12.
3a5637
Convert -323b7 (base 12) to base 14.
-1a1d1
Convert -1220100212 (base 3) to base 7.
-214112
Convert 669604 (base 13) to base 5.
1104414130
What is 11746032 (base 8) in base 4?
21330300122
Convert -867a (base 15) to base 6.
-335441
Convert 11210120122 (base 3) to base 12.
467bb
110201331 (base 4) to base 15
19db3
100011010001011101 (base 2) to base 3
21100012000
What is -216302 (base 12) in base 8?
-2011462
Convert -41353005 (base 6) to base 10.
-1196861
What is 1429523 (base 10) in base 6?
50350055
Convert 120211202221 (base 3) to base 4.
1030020220
What is 4a9900 (base 11) in base 13?
221a69
Convert 12a154 (base 11) to base 5.
23010243
What is -243123 (base 11) in base 12?
-166831
-2d7389 (base 14) to base 3
-10000000220002
345022122 (base 6) to base 12
2184942
Convert 64a4a7 (base 13) to base 7.
26046263
8cba9 (base 13) to base 10
256850
23001312102 (base 4) to base 5
1220004104
What is -1c5b07 (base 13) in base 16?
-b175c
-337a4 (base 11) to base 8
-137355
-10220020021200 (base 3) to base 2
-111111001101100000000
7606580 (base 9) to base 13
aca961
Convert 1232314442 (base 5) to base 9.
5587715
Convert 1363218 (base 9) to base 3.
1102010020122
What is 13203113 (base 7) in base 13?
3353a8
Convert -11120110010 (base 3) to base 8.
-257612
What is -5003142 (base 7) in base 11?
-372876
What is 13003214442 (base 5) in base 16?
ef3f8c
What is 202032102 (base 4) in base 10?
140178
What is 6b9746 (base 12) in base 8?
6501746
Convert 3544132 (base 7) to base 8.
1553036
What is 453030 (base 12) in base 16?
10d964
What is -457776 (base 8) in base 9?
-256450
111122102022012 (base 3) to base 4
123222122000
-43232404 (base 5) to base 15
-73ed9
Convert -67bb88 (base 14) to base 11.
-1a9a970
What is -17614a5 (base 12) in base 9?
-10118288
What is -10200110102 (base 3) in base 11?
-4a525
What is 111241 (base 9) in base 4?
100033222
What is 3022132 (base 5) in base 9?
73366
What is -42201341 (base 5) in base 10?
-350221
435736 (base 8) to base 13
51835
Convert 312a32 (base 16) to base 10.
3222066
What is 3656211 (base 7) in base 6?
14010250
What is -1122001221010 (base 3) in base 9?
-1561833
-13032101203 (base 4) to base 16
-1ce463
-1330041343 (base 5) to base 14
-63737c
What is -13334315 (base 6) in base 16?
-6d667
8312756 (base 9) to base 15
5c9b5c
What is 390949 (base 16) in base 2?
1110010000100101001001
-4544152 (base 7) to base 11
-357017
Convert -2313132131 (base 4) to base 6.
-24035125
What is -3c1640 (base 14) in base 15?
-2b0c7a
Convert 30002232 (base 5) to base 9.
386838
-2938a3 (base 14) to base 15
-1d4175
Convert -4811965 (base 10) to base 4.
-102112302331
Convert -1010001010100101101 (base 2) to base 12.
-140925
20101222000122 (base 3) to base 10
3404447
What is 2012211202102 (base 3) in base 2?
100011111100100011110
Convert -36177 (base 10) to base 6.
-435253
39e97 (base 16) to base 11
152243
9a065b (base 14) to base 13
110c812
Convert 21315514 (base 7) to base 3.
10102102220221
What is -11121373 (base 8) in base 15?
-32662e
What is -12363345 (base 7) in base 16?
-112a0d
10032100 (base 6) to base 8
1053204
What is -1100011101001110101011 (base 2) in base 11?
-1930422
Convert -316235 (base 9) to base 11.
-119500
What is -310232 (base 7) in base 13?
-1b137
Convert 103330330 (base 4) to base 15.
19334
Convert 550120 (base 8) to base 12.
8a868
What is -42707a (base 15) in base 4?
-30010011322
Convert -121031221 (base 4) to base 3.
-12020122221
What is -12328 (base 15) in base 7?
-331232
What is 61b15 (base 14) in base 13?
831cb
Convert -22021102002000 (base 